e units digit of 998220?
0
What is the hundreds digit of 213849?
8
What is the thousands digit of 227699?
7
What is the units digit of 15656?
6
What is the hundreds digit of 319013?
0
What is the hundred thousands digit of 3377758?
3
What is the thousands digit of 469474?
9
What is the ten thousands digit of 880576?
8
What is the hundred thousands digit of 2834888?
8
What is the hundred thousands digit of 531152?
5
What is the thousands digit of 233454?
3
What is the hundred thousands digit of 190431?
1
What is the tens digit of 56584?
8
What is the units digit of 1397263?
3
What is the millions digit of 1266266?
1
What is the tens digit of 1828763?
6
What is the tens digit of 101344?
4
What is the thousands digit of 6073143?
3
What is the thousands digit of 746306?
6
What is the hundred thousands digit of 180496?
1
What is the hundred thousands digit of 22317720?
3
What is the units digit of 10840208?
8
What is the tens digit of 3513175?
7
What is the millions digit of 1800065?
1
What is the tens digit of 121403?
0
What is the hundreds digit of 3155010?
0
What is the ten thousands digit of 29507667?
0
What is the hundred thousands digit of 308694?
3
What is the hundred thousands digit of 1874824?
8
What is the tens digit of 32109?
0
What is the ten thousands digit of 46217?
4
What is the thousands digit of 2498160?
8
What is the tens digit of 16593?
9
What is the ten thousands digit of 2208278?
0
What is the thousands digit of 748477?
8
What is the thousands digit of 144246?
4
What is the ten thousands digit of 106052?
0
What is the ten thousands digit of 216799?
1
What is the hundreds digit of 13756496?
4
What is the ten thousands digit of 192310?
9
What is the tens digit of 766446?
4
What is the tens digit of 1843865?
6
What is the ten thousands digit of 76549?
7
What is the ten thousands digit of 145214?
4
What is the tens digit of 6905383?
8
What is the units digit of 2302257?
7
What is the tens digit of 2956616?
1
What is the thousands digit of 128475?
8
What is the hundred thousands digit of 1300986?
3
What is the units digit of 255189?
9
What is the tens digit of 424194?
9
What is the millions digit of 1579159?
1
What is the units digit of 1979387?
7
What is the hundreds digit of 14331796?
7
What is the hundreds digit of 12843272?
2
What is the ten thousands digit of 334948?
3
What is the hundreds digit of 147234?
2
What is the ten thousands digit of 74826?
7
What is the tens digit of 154597?
9
What is the ten thousands digit of 504214?
0
What is the units digit of 10909152?
2
What is the hundreds digit of 89278?
2
What is the units digit of 24284605?
5
What is the hundred thousands digit of 24539879?
5
What is the hundreds digit of 344341?
3
What is the thousands digit of 31915?
1
What is the hundred thousands digit of 558312?
5
What is the thousands digit of 297181?
7
What is the millions digit of 7836816?
7
What is the hundreds digit of 9686938?
9
What is the hundreds digit of 9414?
4
What is the thousands digit of 1378215?
8
What is the ten thousands digit of 503343?
0
What is the thousands digit of 179777?
9
What is the units digit of 419746?
6
What is the tens digit of 89037?
3
What is the hundreds digit of 593462?
4
What is the units digit of 682551?
1
What is the ten thousands digit of 60954?
6
What is the thousands digit of 29382805?
2
What is the thousands digit of 1668561?
8
What is the thousands digit of 171212?
1
What is the tens digit of 818369?
6
What is the thousands digit of 1648917?
8
What is the hundreds digit of 373201?
2
What is the units digit of 10003865?
5
What is the tens digit of 802944?
4
What is the tens digit of 429169?
6
What is the tens digit of 135622?
2
What is the units digit of 261482?
2
What is the tens digit of 151201?
0
What is the hundreds digit of 581318?
3
What is the hundred thousands digit of 330411?
3
What is the thousands digit of 6576?
6
What is the ten thousands digit of 6334716?
3
What is the thousands digit of 4816?
4
What is the hundred thousands digit of 133127?
1
What is the hundreds digit of 5183169?
1
What is the hundreds digit of 3487762?
7
What is the units digit of 173927?
7
What is the ten thousands digit of 262380?
6
What is the hundred thousands digit of 405690?
4
What is the hundreds digit of 307204?
2
What is the tens digit of 304125?
2
What is the hundred thousands digit of 201250?
2
What is the units digit of 2182121?
1
What is the ten thousands digit of 6740522?
4
What is the hundred thousands digit of 169504?
1
What is the thousands digit of 678080?
8
What is the thousands digit of 396904?
6
What is the ten thousands digit of 17234072?
3
What is the thousands digit of 802221?
2
What is the thousands digit of 345890?
5
What is the thousands digit of 9861564?
1
What is the thousands digit of 89167?
9
What is the ten thousands digit of 18136873?
3
What is the hundred thousands digit of 283233?
2
What is the hundred thousands digit of 644049?
6
What is the millions digit of 1294126?
1
What is the hundreds digit of 283705?
7
What is the hundred thousands digit of 453827?
4
What is the hundred thousands digit of 589449?
5
What is the hundred thousands digit of 6661095?
6
What is the tens digit of 1336595?
9
What is the tens digit of 66320?
2
What is the units digit of 465331?
1
What is the units digit of 11245?
5
What is the thousands digit of 4578147?
8
What is the tens digit of 114732?
3
What is the units digit of 10827222?
2
What is the ten thousands digit of 59605?
5
What is the units digit of 1741931?
1
What is the ten thousands digit of 146454?
4
What is the millions digit of 8603326?
8
What is the thousands digit of 332371?
2
What is the tens digit of 10424830?
3
What is the units digit of 4479012?
2
What is the thousands digit of 3100286?
0
What is the units digit of 24928689?
9
What is the ten thousands digit of 485730?
8
What is the thousands digit of 551378?
1
What is the thousands digit of 507612?
7
What is the hundred thousands digit of 271043?
2
What is the units digit of 60108?
8
What is the tens digit of 897731?
3
What is the tens digit of 4838764?
6
What is the thousands digit of 6491522?
1
What is the units digit of 85812?
2
What is the tens digit of 705596?
9
What is the hundred thousands digit of 9378093?
3
What is the millions digit of 1038041?
1
What is the units digit of 62267?
7
What is the tens digit of 257363?
6
What is the millions digit of 3235682?
3
What is the tens digit of 190979?
7
What is the hundreds digit of 318920?
9
What is the units digit of 376253?
3
What is the ten thousands digit of 128678?
2
What is the ten thousands digit of 3112741?
1
What is the hundreds digit of 202760?
7
What is the tens digit of 1148404?
0
What is the millions digit of 22880589?
2
What is the hundred thousands digit of 164059?
1
What is the ten thousands digit of 20901800?
0
What is the units digit of 338717?
7
What is the units digit of 3344390?
0
What is the tens digit of 264420?
2
What is the hundred thousands digit of 1763423?
7
What is the units digit of 53887?
7
What is the millions digit of 18248205?
8
What is the hundreds digit of 221523?
5
What is the ten thousands digit of 82290?
8
What is the hundred thousands digit of 32174799?
1
What is the units digit of 21305?
5
What is the thousands digit of 156613?
6
What is the tens digit of 1650718?
1
What is the units digit of 1766525?
5
What is the ten thousands digit of 29260?
2
What is the tens digit of 648031?
3
What is the ten thousands digit of 1558154?
5
What is the hundred thousands digit of 2515268?
5
What is the hundreds digit of 214138?
1
What is the hundreds digit of 14113398?
3
What is the hundred thousands digit of 3381702?
3
What is the millions digit of 1525757?
1
What is the thousands digit of 158110?
8
What is the thousands digit of 624592?
4
What is the hundreds digit of 237480?
4
What is the units digit of 158340?
0
What is the units digit of 325965?
5
What is the units digit of 1463005?
5
What is the millions digit of 4107544?
4
What is the hundreds digit of 10711?
7
What is the ten thousands digit of 40332?
4
What is the tens digit of 92089?
8
What is the tens digit of 8973157?
5
What is the ten thousands digit of 668446?
6
What is the tens digit of 389698?
9
What is the ten thousand